{"id":3195,"date":"2025-10-16T13:15:17","date_gmt":"2025-10-16T11:15:17","guid":{"rendered":"https:\/\/wiges.se\/handla\/?post_type=product&#038;p=3195"},"modified":"2026-04-04T14:21:19","modified_gmt":"2026-04-04T12:21:19","slug":"bh-seamless-vit-2","status":"publish","type":"product","link":"https:\/\/wiges.se\/handla\/dam\/underklader\/bh\/bh-seamless-vit-2\/","title":{"rendered":"BH seamless &#8211; Vit"},"content":{"rendered":"","protected":false},"excerpt":{"rendered":"<p>Mjuk BH konstruerad med minimalt antal s\u00f6mmar f\u00f6r en behaglig k\u00e4nsla mot huden. BH:n har djup v-ringning och smala reglerbara axelband. Utan kn\u00e4ppning bak.<\/p>\n","protected":false},"featured_media":3194,"comment_status":"open","ping_status":"closed","template":"","meta":{"_acf_changed":false},"product_brand":[],"product_cat":[66,70,120],"product_tag":[],"class_list":{"0":"post-3195","1":"product","2":"type-product","3":"status-publish","4":"has-post-thumbnail","6":"product_cat-dam","7":"product_cat-underklader","8":"product_cat-bh","10":"first","11":"instock","12":"taxable","13":"shipping-taxable","14":"purchasable","15":"product-type-variable"},"acf":[],"yoast_head":"<!-- This site is optimized with the Yoast SEO plugin v26.7 - https:\/\/yoast.com\/wordpress\/plugins\/seo\/ -->\n<title>BH seamless - Vit - Wiges<\/title>\n<meta name=\"robots\" content=\"index, follow, max-snippet:-1, max-image-preview:large, max-video-preview:-1\" \/>\n<link rel=\"canonical\" href=\"https:\/\/wiges.se\/handla\/dam\/underklader\/bh\/bh-seamless-vit-2\/\" \/>\n<meta property=\"og:locale\" content=\"sv_SE\" \/>\n<meta property=\"og:type\" content=\"article\" \/>\n<meta property=\"og:title\" content=\"BH seamless - Vit - Wiges\" \/>\n<meta property=\"og:description\" content=\"Mjuk BH konstruerad med minimalt antal s\u00f6mmar f\u00f6r en behaglig k\u00e4nsla mot huden. BH:n har djup v-ringning och smala reglerbara axelband. Utan kn\u00e4ppning bak.\" \/>\n<meta property=\"og:url\" content=\"https:\/\/wiges.se\/handla\/dam\/underklader\/bh\/bh-seamless-vit-2\/\" \/>\n<meta property=\"og:site_name\" content=\"Wiges\" \/>\n<meta property=\"article:modified_time\" content=\"2026-04-04T12:21:19+00:00\" \/>\n<meta property=\"og:image\" content=\"https:\/\/wiges.se\/handla\/wp-content\/uploads\/2025\/10\/00007898502_m_f-scaled.jpg\" \/>\n\t<meta property=\"og:image:width\" content=\"2048\" \/>\n\t<meta property=\"og:image:height\" content=\"2560\" \/>\n\t<meta property=\"og:image:type\" content=\"image\/jpeg\" \/>\n<meta name=\"twitter:card\" content=\"summary_large_image\" \/>\n<script type=\"application\/ld+json\" class=\"yoast-schema-graph\">{\"@context\":\"https:\/\/schema.org\",\"@graph\":[{\"@type\":\"WebPage\",\"@id\":\"https:\/\/wiges.se\/handla\/dam\/underklader\/bh\/bh-seamless-vit-2\/\",\"url\":\"https:\/\/wiges.se\/handla\/dam\/underklader\/bh\/bh-seamless-vit-2\/\",\"name\":\"BH seamless - Vit - Wiges\",\"isPartOf\":{\"@id\":\"https:\/\/wiges.se\/handla\/#website\"},\"primaryImageOfPage\":{\"@id\":\"https:\/\/wiges.se\/handla\/dam\/underklader\/bh\/bh-seamless-vit-2\/#primaryimage\"},\"image\":{\"@id\":\"https:\/\/wiges.se\/handla\/dam\/underklader\/bh\/bh-seamless-vit-2\/#primaryimage\"},\"thumbnailUrl\":\"https:\/\/wiges.se\/handla\/wp-content\/uploads\/2025\/10\/00007898502_m_f-scaled.jpg\",\"datePublished\":\"2025-10-16T11:15:17+00:00\",\"dateModified\":\"2026-04-04T12:21:19+00:00\",\"breadcrumb\":{\"@id\":\"https:\/\/wiges.se\/handla\/dam\/underklader\/bh\/bh-seamless-vit-2\/#breadcrumb\"},\"inLanguage\":\"sv-SE\",\"potentialAction\":[{\"@type\":\"ReadAction\",\"target\":[\"https:\/\/wiges.se\/handla\/dam\/underklader\/bh\/bh-seamless-vit-2\/\"]}]},{\"@type\":\"ImageObject\",\"inLanguage\":\"sv-SE\",\"@id\":\"https:\/\/wiges.se\/handla\/dam\/underklader\/bh\/bh-seamless-vit-2\/#primaryimage\",\"url\":\"https:\/\/wiges.se\/handla\/wp-content\/uploads\/2025\/10\/00007898502_m_f-scaled.jpg\",\"contentUrl\":\"https:\/\/wiges.se\/handla\/wp-content\/uploads\/2025\/10\/00007898502_m_f-scaled.jpg\",\"width\":2048,\"height\":2560},{\"@type\":\"BreadcrumbList\",\"@id\":\"https:\/\/wiges.se\/handla\/dam\/underklader\/bh\/bh-seamless-vit-2\/#breadcrumb\",\"itemListElement\":[{\"@type\":\"ListItem\",\"position\":1,\"name\":\"Hem\",\"item\":\"https:\/\/wiges.se\/handla\/\"},{\"@type\":\"ListItem\",\"position\":2,\"name\":\"Butik\",\"item\":\"https:\/\/wiges.se\/handla\/butik\/\"},{\"@type\":\"ListItem\",\"position\":3,\"name\":\"Dam\",\"item\":\"https:\/\/wiges.se\/handla\/dam\/\"},{\"@type\":\"ListItem\",\"position\":4,\"name\":\"Underkl\u00e4der\",\"item\":\"https:\/\/wiges.se\/handla\/dam\/underklader\/\"},{\"@type\":\"ListItem\",\"position\":5,\"name\":\"BH\",\"item\":\"https:\/\/wiges.se\/handla\/dam\/underklader\/bh\/\"},{\"@type\":\"ListItem\",\"position\":6,\"name\":\"BH seamless &#8211; Vit\"}]},{\"@type\":\"WebSite\",\"@id\":\"https:\/\/wiges.se\/handla\/#website\",\"url\":\"https:\/\/wiges.se\/handla\/\",\"name\":\"Wiges\",\"description\":\"\",\"potentialAction\":[{\"@type\":\"SearchAction\",\"target\":{\"@type\":\"EntryPoint\",\"urlTemplate\":\"https:\/\/wiges.se\/handla\/?s={search_term_string}\"},\"query-input\":{\"@type\":\"PropertyValueSpecification\",\"valueRequired\":true,\"valueName\":\"search_term_string\"}}],\"inLanguage\":\"sv-SE\"}]}<\/script>\n<!-- \/ Yoast SEO plugin. -->","yoast_head_json":{"title":"BH seamless - Vit - Wiges","robots":{"index":"index","follow":"follow","max-snippet":"max-snippet:-1","max-image-preview":"max-image-preview:large","max-video-preview":"max-video-preview:-1"},"canonical":"https:\/\/wiges.se\/handla\/dam\/underklader\/bh\/bh-seamless-vit-2\/","og_locale":"sv_SE","og_type":"article","og_title":"BH seamless - Vit - Wiges","og_description":"Mjuk BH konstruerad med minimalt antal s\u00f6mmar f\u00f6r en behaglig k\u00e4nsla mot huden. BH:n har djup v-ringning och smala reglerbara axelband. Utan kn\u00e4ppning bak.","og_url":"https:\/\/wiges.se\/handla\/dam\/underklader\/bh\/bh-seamless-vit-2\/","og_site_name":"Wiges","article_modified_time":"2026-04-04T12:21:19+00:00","og_image":[{"width":2048,"height":2560,"url":"https:\/\/wiges.se\/handla\/wp-content\/uploads\/2025\/10\/00007898502_m_f-scaled.jpg","type":"image\/jpeg"}],"twitter_card":"summary_large_image","schema":{"@context":"https:\/\/schema.org","@graph":[{"@type":"WebPage","@id":"https:\/\/wiges.se\/handla\/dam\/underklader\/bh\/bh-seamless-vit-2\/","url":"https:\/\/wiges.se\/handla\/dam\/underklader\/bh\/bh-seamless-vit-2\/","name":"BH seamless - Vit - Wiges","isPartOf":{"@id":"https:\/\/wiges.se\/handla\/#website"},"primaryImageOfPage":{"@id":"https:\/\/wiges.se\/handla\/dam\/underklader\/bh\/bh-seamless-vit-2\/#primaryimage"},"image":{"@id":"https:\/\/wiges.se\/handla\/dam\/underklader\/bh\/bh-seamless-vit-2\/#primaryimage"},"thumbnailUrl":"https:\/\/wiges.se\/handla\/wp-content\/uploads\/2025\/10\/00007898502_m_f-scaled.jpg","datePublished":"2025-10-16T11:15:17+00:00","dateModified":"2026-04-04T12:21:19+00:00","breadcrumb":{"@id":"https:\/\/wiges.se\/handla\/dam\/underklader\/bh\/bh-seamless-vit-2\/#breadcrumb"},"inLanguage":"sv-SE","potentialAction":[{"@type":"ReadAction","target":["https:\/\/wiges.se\/handla\/dam\/underklader\/bh\/bh-seamless-vit-2\/"]}]},{"@type":"ImageObject","inLanguage":"sv-SE","@id":"https:\/\/wiges.se\/handla\/dam\/underklader\/bh\/bh-seamless-vit-2\/#primaryimage","url":"https:\/\/wiges.se\/handla\/wp-content\/uploads\/2025\/10\/00007898502_m_f-scaled.jpg","contentUrl":"https:\/\/wiges.se\/handla\/wp-content\/uploads\/2025\/10\/00007898502_m_f-scaled.jpg","width":2048,"height":2560},{"@type":"BreadcrumbList","@id":"https:\/\/wiges.se\/handla\/dam\/underklader\/bh\/bh-seamless-vit-2\/#breadcrumb","itemListElement":[{"@type":"ListItem","position":1,"name":"Hem","item":"https:\/\/wiges.se\/handla\/"},{"@type":"ListItem","position":2,"name":"Butik","item":"https:\/\/wiges.se\/handla\/butik\/"},{"@type":"ListItem","position":3,"name":"Dam","item":"https:\/\/wiges.se\/handla\/dam\/"},{"@type":"ListItem","position":4,"name":"Underkl\u00e4der","item":"https:\/\/wiges.se\/handla\/dam\/underklader\/"},{"@type":"ListItem","position":5,"name":"BH","item":"https:\/\/wiges.se\/handla\/dam\/underklader\/bh\/"},{"@type":"ListItem","position":6,"name":"BH seamless &#8211; Vit"}]},{"@type":"WebSite","@id":"https:\/\/wiges.se\/handla\/#website","url":"https:\/\/wiges.se\/handla\/","name":"Wiges","description":"","potentialAction":[{"@type":"SearchAction","target":{"@type":"EntryPoint","urlTemplate":"https:\/\/wiges.se\/handla\/?s={search_term_string}"},"query-input":{"@type":"PropertyValueSpecification","valueRequired":true,"valueName":"search_term_string"}}],"inLanguage":"sv-SE"}]}},"_links":{"self":[{"href":"https:\/\/wiges.se\/handla\/wp-json\/wp\/v2\/product\/3195","targetHints":{"allow":["GET"]}}],"collection":[{"href":"https:\/\/wiges.se\/handla\/wp-json\/wp\/v2\/product"}],"about":[{"href":"https:\/\/wiges.se\/handla\/wp-json\/wp\/v2\/types\/product"}],"replies":[{"embeddable":true,"href":"https:\/\/wiges.se\/handla\/wp-json\/wp\/v2\/comments?post=3195"}],"wp:featuredmedia":[{"embeddable":true,"href":"https:\/\/wiges.se\/handla\/wp-json\/wp\/v2\/media\/3194"}],"wp:attachment":[{"href":"https:\/\/wiges.se\/handla\/wp-json\/wp\/v2\/media?parent=3195"}],"wp:term":[{"taxonomy":"product_brand","embeddable":true,"href":"https:\/\/wiges.se\/handla\/wp-json\/wp\/v2\/product_brand?post=3195"},{"taxonomy":"product_cat","embeddable":true,"href":"https:\/\/wiges.se\/handla\/wp-json\/wp\/v2\/product_cat?post=3195"},{"taxonomy":"product_tag","embeddable":true,"href":"https:\/\/wiges.se\/handla\/wp-json\/wp\/v2\/product_tag?post=3195"}],"curies":[{"name":"wp","href":"https:\/\/api.w.org\/{rel}","templated":true}]}}