{"id":2067,"date":"2025-10-16T12:41:41","date_gmt":"2025-10-16T10:41:41","guid":{"rendered":"https:\/\/wiges.se\/handla\/?post_type=product&#038;p=2067"},"modified":"2026-04-13T22:51:49","modified_gmt":"2026-04-13T20:51:49","slug":"langkalsong-av-bambu-dam-svart-gron","status":"publish","type":"product","link":"https:\/\/wiges.se\/handla\/dam\/bambu\/understall-i-bambu\/langkalsong-av-bambu-dam-svart-gron\/","title":{"rendered":"L\u00e5ngkalsong av bambu dam &#8211; Svart\/gr\u00f6n"},"content":{"rendered":"","protected":false},"excerpt":{"rendered":"<p>L\u00e5ngkalsong till dam av mjuk och sk\u00f6n viskos av bambu. Res\u00e5r i midja och muddar nertill f\u00f6r b\u00e4sta passform. Mjuka flatlocks\u00f6mmar som inte skaver mot huden. Medelh\u00f6g midja. Anv\u00e4nds som lager 1. Bambuns egenskaper g\u00f6r att fukt transporteras bort fr\u00e5n kroppen och h\u00e5ller huden fr\u00e4sch l\u00e4ngre.<\/p>\n","protected":false},"featured_media":2066,"comment_status":"open","ping_status":"closed","template":"","meta":{"_acf_changed":false},"product_brand":[],"product_cat":[66,72,117,74,150,15],"product_tag":[],"class_list":{"0":"post-2067","1":"product","2":"type-product","3":"status-publish","4":"has-post-thumbnail","6":"product_cat-dam","7":"product_cat-understall","8":"product_cat-langkalsong-understall","9":"product_cat-bambu","10":"product_cat-understall-i-bambu-bambu","11":"product_cat-nyheter","13":"first","14":"instock","15":"taxable","16":"shipping-taxable","17":"purchasable","18":"product-type-variable"},"acf":[],"yoast_head":"<!-- This site is optimized with the Yoast SEO plugin v26.7 - https:\/\/yoast.com\/wordpress\/plugins\/seo\/ -->\n<title>L\u00e5ngkalsong av bambu dam - Svart\/gr\u00f6n - Wiges<\/title>\n<meta name=\"robots\" content=\"index, follow, max-snippet:-1, max-image-preview:large, max-video-preview:-1\" \/>\n<link rel=\"canonical\" href=\"https:\/\/wiges.se\/handla\/dam\/bambu\/understall-i-bambu\/langkalsong-av-bambu-dam-svart-gron\/\" \/>\n<meta property=\"og:locale\" content=\"sv_SE\" \/>\n<meta property=\"og:type\" content=\"article\" \/>\n<meta property=\"og:title\" content=\"L\u00e5ngkalsong av bambu dam - Svart\/gr\u00f6n - Wiges\" \/>\n<meta property=\"og:description\" content=\"L\u00e5ngkalsong till dam av mjuk och sk\u00f6n viskos av bambu. Res\u00e5r i midja och muddar nertill f\u00f6r b\u00e4sta passform. Mjuka flatlocks\u00f6mmar som inte skaver mot huden. Medelh\u00f6g midja. Anv\u00e4nds som lager 1. Bambuns egenskaper g\u00f6r att fukt transporteras bort fr\u00e5n kroppen och h\u00e5ller huden fr\u00e4sch l\u00e4ngre.\" \/>\n<meta property=\"og:url\" content=\"https:\/\/wiges.se\/handla\/dam\/bambu\/understall-i-bambu\/langkalsong-av-bambu-dam-svart-gron\/\" \/>\n<meta property=\"og:site_name\" content=\"Wiges\" \/>\n<meta property=\"article:modified_time\" content=\"2026-04-13T20:51:49+00:00\" \/>\n<meta property=\"og:image\" content=\"https:\/\/wiges.se\/handla\/wp-content\/uploads\/2025\/10\/00007919521-scaled.jpg\" \/>\n\t<meta property=\"og:image:width\" content=\"1969\" \/>\n\t<meta property=\"og:image:height\" content=\"2560\" \/>\n\t<meta property=\"og:image:type\" content=\"image\/jpeg\" \/>\n<meta name=\"twitter:card\" content=\"summary_large_image\" \/>\n<meta name=\"twitter:label1\" content=\"Ber\u00e4knad l\u00e4stid\" \/>\n\t<meta name=\"twitter:data1\" content=\"1 minut\" \/>\n<script type=\"application\/ld+json\" class=\"yoast-schema-graph\">{\"@context\":\"https:\/\/schema.org\",\"@graph\":[{\"@type\":\"WebPage\",\"@id\":\"https:\/\/wiges.se\/handla\/dam\/bambu\/understall-i-bambu\/langkalsong-av-bambu-dam-svart-gron\/\",\"url\":\"https:\/\/wiges.se\/handla\/dam\/bambu\/understall-i-bambu\/langkalsong-av-bambu-dam-svart-gron\/\",\"name\":\"L\u00e5ngkalsong av bambu dam - Svart\/gr\u00f6n - Wiges\",\"isPartOf\":{\"@id\":\"https:\/\/wiges.se\/handla\/#website\"},\"primaryImageOfPage\":{\"@id\":\"https:\/\/wiges.se\/handla\/dam\/bambu\/understall-i-bambu\/langkalsong-av-bambu-dam-svart-gron\/#primaryimage\"},\"image\":{\"@id\":\"https:\/\/wiges.se\/handla\/dam\/bambu\/understall-i-bambu\/langkalsong-av-bambu-dam-svart-gron\/#primaryimage\"},\"thumbnailUrl\":\"https:\/\/wiges.se\/handla\/wp-content\/uploads\/2025\/10\/00007919521-scaled.jpg\",\"datePublished\":\"2025-10-16T10:41:41+00:00\",\"dateModified\":\"2026-04-13T20:51:49+00:00\",\"breadcrumb\":{\"@id\":\"https:\/\/wiges.se\/handla\/dam\/bambu\/understall-i-bambu\/langkalsong-av-bambu-dam-svart-gron\/#breadcrumb\"},\"inLanguage\":\"sv-SE\",\"potentialAction\":[{\"@type\":\"ReadAction\",\"target\":[\"https:\/\/wiges.se\/handla\/dam\/bambu\/understall-i-bambu\/langkalsong-av-bambu-dam-svart-gron\/\"]}]},{\"@type\":\"ImageObject\",\"inLanguage\":\"sv-SE\",\"@id\":\"https:\/\/wiges.se\/handla\/dam\/bambu\/understall-i-bambu\/langkalsong-av-bambu-dam-svart-gron\/#primaryimage\",\"url\":\"https:\/\/wiges.se\/handla\/wp-content\/uploads\/2025\/10\/00007919521-scaled.jpg\",\"contentUrl\":\"https:\/\/wiges.se\/handla\/wp-content\/uploads\/2025\/10\/00007919521-scaled.jpg\",\"width\":1969,\"height\":2560},{\"@type\":\"BreadcrumbList\",\"@id\":\"https:\/\/wiges.se\/handla\/dam\/bambu\/understall-i-bambu\/langkalsong-av-bambu-dam-svart-gron\/#breadcrumb\",\"itemListElement\":[{\"@type\":\"ListItem\",\"position\":1,\"name\":\"Hem\",\"item\":\"https:\/\/wiges.se\/handla\/\"},{\"@type\":\"ListItem\",\"position\":2,\"name\":\"Butik\",\"item\":\"https:\/\/wiges.se\/handla\/butik\/\"},{\"@type\":\"ListItem\",\"position\":3,\"name\":\"Dam\",\"item\":\"https:\/\/wiges.se\/handla\/dam\/\"},{\"@type\":\"ListItem\",\"position\":4,\"name\":\"Underst\u00e4ll\",\"item\":\"https:\/\/wiges.se\/handla\/dam\/understall\/\"},{\"@type\":\"ListItem\",\"position\":5,\"name\":\"L\u00e5ngkalsonger\",\"item\":\"https:\/\/wiges.se\/handla\/dam\/understall\/langkalsong\/\"},{\"@type\":\"ListItem\",\"position\":6,\"name\":\"L\u00e5ngkalsong av bambu dam &#8211; Svart\/gr\u00f6n\"}]},{\"@type\":\"WebSite\",\"@id\":\"https:\/\/wiges.se\/handla\/#website\",\"url\":\"https:\/\/wiges.se\/handla\/\",\"name\":\"Wiges\",\"description\":\"\",\"potentialAction\":[{\"@type\":\"SearchAction\",\"target\":{\"@type\":\"EntryPoint\",\"urlTemplate\":\"https:\/\/wiges.se\/handla\/?s={search_term_string}\"},\"query-input\":{\"@type\":\"PropertyValueSpecification\",\"valueRequired\":true,\"valueName\":\"search_term_string\"}}],\"inLanguage\":\"sv-SE\"}]}<\/script>\n<!-- \/ Yoast SEO plugin. -->","yoast_head_json":{"title":"L\u00e5ngkalsong av bambu dam - Svart\/gr\u00f6n - Wiges","robots":{"index":"index","follow":"follow","max-snippet":"max-snippet:-1","max-image-preview":"max-image-preview:large","max-video-preview":"max-video-preview:-1"},"canonical":"https:\/\/wiges.se\/handla\/dam\/bambu\/understall-i-bambu\/langkalsong-av-bambu-dam-svart-gron\/","og_locale":"sv_SE","og_type":"article","og_title":"L\u00e5ngkalsong av bambu dam - Svart\/gr\u00f6n - Wiges","og_description":"L\u00e5ngkalsong till dam av mjuk och sk\u00f6n viskos av bambu. Res\u00e5r i midja och muddar nertill f\u00f6r b\u00e4sta passform. Mjuka flatlocks\u00f6mmar som inte skaver mot huden. Medelh\u00f6g midja. Anv\u00e4nds som lager 1. Bambuns egenskaper g\u00f6r att fukt transporteras bort fr\u00e5n kroppen och h\u00e5ller huden fr\u00e4sch l\u00e4ngre.","og_url":"https:\/\/wiges.se\/handla\/dam\/bambu\/understall-i-bambu\/langkalsong-av-bambu-dam-svart-gron\/","og_site_name":"Wiges","article_modified_time":"2026-04-13T20:51:49+00:00","og_image":[{"width":1969,"height":2560,"url":"https:\/\/wiges.se\/handla\/wp-content\/uploads\/2025\/10\/00007919521-scaled.jpg","type":"image\/jpeg"}],"twitter_card":"summary_large_image","twitter_misc":{"Ber\u00e4knad l\u00e4stid":"1 minut"},"schema":{"@context":"https:\/\/schema.org","@graph":[{"@type":"WebPage","@id":"https:\/\/wiges.se\/handla\/dam\/bambu\/understall-i-bambu\/langkalsong-av-bambu-dam-svart-gron\/","url":"https:\/\/wiges.se\/handla\/dam\/bambu\/understall-i-bambu\/langkalsong-av-bambu-dam-svart-gron\/","name":"L\u00e5ngkalsong av bambu dam - Svart\/gr\u00f6n - Wiges","isPartOf":{"@id":"https:\/\/wiges.se\/handla\/#website"},"primaryImageOfPage":{"@id":"https:\/\/wiges.se\/handla\/dam\/bambu\/understall-i-bambu\/langkalsong-av-bambu-dam-svart-gron\/#primaryimage"},"image":{"@id":"https:\/\/wiges.se\/handla\/dam\/bambu\/understall-i-bambu\/langkalsong-av-bambu-dam-svart-gron\/#primaryimage"},"thumbnailUrl":"https:\/\/wiges.se\/handla\/wp-content\/uploads\/2025\/10\/00007919521-scaled.jpg","datePublished":"2025-10-16T10:41:41+00:00","dateModified":"2026-04-13T20:51:49+00:00","breadcrumb":{"@id":"https:\/\/wiges.se\/handla\/dam\/bambu\/understall-i-bambu\/langkalsong-av-bambu-dam-svart-gron\/#breadcrumb"},"inLanguage":"sv-SE","potentialAction":[{"@type":"ReadAction","target":["https:\/\/wiges.se\/handla\/dam\/bambu\/understall-i-bambu\/langkalsong-av-bambu-dam-svart-gron\/"]}]},{"@type":"ImageObject","inLanguage":"sv-SE","@id":"https:\/\/wiges.se\/handla\/dam\/bambu\/understall-i-bambu\/langkalsong-av-bambu-dam-svart-gron\/#primaryimage","url":"https:\/\/wiges.se\/handla\/wp-content\/uploads\/2025\/10\/00007919521-scaled.jpg","contentUrl":"https:\/\/wiges.se\/handla\/wp-content\/uploads\/2025\/10\/00007919521-scaled.jpg","width":1969,"height":2560},{"@type":"BreadcrumbList","@id":"https:\/\/wiges.se\/handla\/dam\/bambu\/understall-i-bambu\/langkalsong-av-bambu-dam-svart-gron\/#breadcrumb","itemListElement":[{"@type":"ListItem","position":1,"name":"Hem","item":"https:\/\/wiges.se\/handla\/"},{"@type":"ListItem","position":2,"name":"Butik","item":"https:\/\/wiges.se\/handla\/butik\/"},{"@type":"ListItem","position":3,"name":"Dam","item":"https:\/\/wiges.se\/handla\/dam\/"},{"@type":"ListItem","position":4,"name":"Underst\u00e4ll","item":"https:\/\/wiges.se\/handla\/dam\/understall\/"},{"@type":"ListItem","position":5,"name":"L\u00e5ngkalsonger","item":"https:\/\/wiges.se\/handla\/dam\/understall\/langkalsong\/"},{"@type":"ListItem","position":6,"name":"L\u00e5ngkalsong av bambu dam &#8211; Svart\/gr\u00f6n"}]},{"@type":"WebSite","@id":"https:\/\/wiges.se\/handla\/#website","url":"https:\/\/wiges.se\/handla\/","name":"Wiges","description":"","potentialAction":[{"@type":"SearchAction","target":{"@type":"EntryPoint","urlTemplate":"https:\/\/wiges.se\/handla\/?s={search_term_string}"},"query-input":{"@type":"PropertyValueSpecification","valueRequired":true,"valueName":"search_term_string"}}],"inLanguage":"sv-SE"}]}},"_links":{"self":[{"href":"https:\/\/wiges.se\/handla\/wp-json\/wp\/v2\/product\/2067","targetHints":{"allow":["GET"]}}],"collection":[{"href":"https:\/\/wiges.se\/handla\/wp-json\/wp\/v2\/product"}],"about":[{"href":"https:\/\/wiges.se\/handla\/wp-json\/wp\/v2\/types\/product"}],"replies":[{"embeddable":true,"href":"https:\/\/wiges.se\/handla\/wp-json\/wp\/v2\/comments?post=2067"}],"wp:featuredmedia":[{"embeddable":true,"href":"https:\/\/wiges.se\/handla\/wp-json\/wp\/v2\/media\/2066"}],"wp:attachment":[{"href":"https:\/\/wiges.se\/handla\/wp-json\/wp\/v2\/media?parent=2067"}],"wp:term":[{"taxonomy":"product_brand","embeddable":true,"href":"https:\/\/wiges.se\/handla\/wp-json\/wp\/v2\/product_brand?post=2067"},{"taxonomy":"product_cat","embeddable":true,"href":"https:\/\/wiges.se\/handla\/wp-json\/wp\/v2\/product_cat?post=2067"},{"taxonomy":"product_tag","embeddable":true,"href":"https:\/\/wiges.se\/handla\/wp-json\/wp\/v2\/product_tag?post=2067"}],"curies":[{"name":"wp","href":"https:\/\/api.w.org\/{rel}","templated":true}]}}