{"id":1956,"date":"2025-10-16T12:38:04","date_gmt":"2025-10-16T10:38:04","guid":{"rendered":"https:\/\/wiges.se\/handla\/?post_type=product&#038;p=1956"},"modified":"2026-04-21T13:51:52","modified_gmt":"2026-04-21T11:51:52","slug":"strumpa-i-kraftig-ullfrotte-gramelange","status":"publish","type":"product","link":"https:\/\/wiges.se\/handla\/herr\/strumpor\/friluftstrumpor\/strumpa-i-kraftig-ullfrotte-gramelange\/","title":{"rendered":"Strumpa i kraftig ullfrott\u00e9 &#8211; Gr\u00e5melange"},"content":{"rendered":"","protected":false},"excerpt":{"rendered":"<p>Strumpa av kraftig ullfrott\u00e9 kombinerad med fukttransporterande Coolmax\u00ae som h\u00e5ller f\u00f6tterna varma och torra. Res\u00e5rstickning i ankeln ger en stabil passform och den tunna t\u00e5s\u00f6mmen minskar risken f\u00f6r skav. En slitstark och funktionell ullstrumpa som passar perfekt f\u00f6r friluftsliv, vandring och kyliga dagar.<\/p>\n","protected":false},"featured_media":1954,"comment_status":"open","ping_status":"closed","template":"","meta":{"_acf_changed":false},"product_brand":[],"product_cat":[66,69,131,135,67,78,109,113],"product_tag":[],"class_list":{"0":"post-1956","1":"product","2":"type-product","3":"status-publish","4":"has-post-thumbnail","6":"product_cat-dam","7":"product_cat-strumpor","8":"product_cat-friluftstrumpor-strumpor","9":"product_cat-varma-strumpor-strumpor","10":"product_cat-herr","11":"product_cat-strumpor-herr","12":"product_cat-friluftstrumpor","13":"product_cat-varma-strumpor","15":"first","16":"instock","17":"taxable","18":"shipping-taxable","19":"purchasable","20":"product-type-variable"},"acf":[],"yoast_head":"<!-- This site is optimized with the Yoast SEO plugin v26.7 - https:\/\/yoast.com\/wordpress\/plugins\/seo\/ -->\n<title>Strumpa i kraftig ullfrott\u00e9 - Gr\u00e5melange - Wiges<\/title>\n<meta name=\"robots\" content=\"index, follow, max-snippet:-1, max-image-preview:large, max-video-preview:-1\" \/>\n<link rel=\"canonical\" href=\"https:\/\/wiges.se\/handla\/herr\/strumpor\/friluftstrumpor\/strumpa-i-kraftig-ullfrotte-gramelange\/\" \/>\n<meta property=\"og:locale\" content=\"sv_SE\" \/>\n<meta property=\"og:type\" content=\"article\" \/>\n<meta property=\"og:title\" content=\"Strumpa i kraftig ullfrott\u00e9 - Gr\u00e5melange - Wiges\" \/>\n<meta property=\"og:description\" content=\"Strumpa av kraftig ullfrott\u00e9 kombinerad med fukttransporterande Coolmax\u00ae som h\u00e5ller f\u00f6tterna varma och torra. Res\u00e5rstickning i ankeln ger en stabil passform och den tunna t\u00e5s\u00f6mmen minskar risken f\u00f6r skav. En slitstark och funktionell ullstrumpa som passar perfekt f\u00f6r friluftsliv, vandring och kyliga dagar.\" \/>\n<meta property=\"og:url\" content=\"https:\/\/wiges.se\/handla\/herr\/strumpor\/friluftstrumpor\/strumpa-i-kraftig-ullfrotte-gramelange\/\" \/>\n<meta property=\"og:site_name\" content=\"Wiges\" \/>\n<meta property=\"article:modified_time\" content=\"2026-04-21T11:51:52+00:00\" \/>\n<meta property=\"og:image\" content=\"https:\/\/wiges.se\/handla\/wp-content\/uploads\/2025\/10\/00000572700-scaled.jpg\" \/>\n\t<meta property=\"og:image:width\" content=\"1969\" \/>\n\t<meta property=\"og:image:height\" content=\"2560\" \/>\n\t<meta property=\"og:image:type\" content=\"image\/jpeg\" \/>\n<meta name=\"twitter:card\" content=\"summary_large_image\" \/>\n<script type=\"application\/ld+json\" class=\"yoast-schema-graph\">{\"@context\":\"https:\/\/schema.org\",\"@graph\":[{\"@type\":\"WebPage\",\"@id\":\"https:\/\/wiges.se\/handla\/herr\/strumpor\/friluftstrumpor\/strumpa-i-kraftig-ullfrotte-gramelange\/\",\"url\":\"https:\/\/wiges.se\/handla\/herr\/strumpor\/friluftstrumpor\/strumpa-i-kraftig-ullfrotte-gramelange\/\",\"name\":\"Strumpa i kraftig ullfrott\u00e9 - Gr\u00e5melange - Wiges\",\"isPartOf\":{\"@id\":\"https:\/\/wiges.se\/handla\/#website\"},\"primaryImageOfPage\":{\"@id\":\"https:\/\/wiges.se\/handla\/herr\/strumpor\/friluftstrumpor\/strumpa-i-kraftig-ullfrotte-gramelange\/#primaryimage\"},\"image\":{\"@id\":\"https:\/\/wiges.se\/handla\/herr\/strumpor\/friluftstrumpor\/strumpa-i-kraftig-ullfrotte-gramelange\/#primaryimage\"},\"thumbnailUrl\":\"https:\/\/wiges.se\/handla\/wp-content\/uploads\/2025\/10\/00000572700-scaled.jpg\",\"datePublished\":\"2025-10-16T10:38:04+00:00\",\"dateModified\":\"2026-04-21T11:51:52+00:00\",\"breadcrumb\":{\"@id\":\"https:\/\/wiges.se\/handla\/herr\/strumpor\/friluftstrumpor\/strumpa-i-kraftig-ullfrotte-gramelange\/#breadcrumb\"},\"inLanguage\":\"sv-SE\",\"potentialAction\":[{\"@type\":\"ReadAction\",\"target\":[\"https:\/\/wiges.se\/handla\/herr\/strumpor\/friluftstrumpor\/strumpa-i-kraftig-ullfrotte-gramelange\/\"]}]},{\"@type\":\"ImageObject\",\"inLanguage\":\"sv-SE\",\"@id\":\"https:\/\/wiges.se\/handla\/herr\/strumpor\/friluftstrumpor\/strumpa-i-kraftig-ullfrotte-gramelange\/#primaryimage\",\"url\":\"https:\/\/wiges.se\/handla\/wp-content\/uploads\/2025\/10\/00000572700-scaled.jpg\",\"contentUrl\":\"https:\/\/wiges.se\/handla\/wp-content\/uploads\/2025\/10\/00000572700-scaled.jpg\",\"width\":1969,\"height\":2560},{\"@type\":\"BreadcrumbList\",\"@id\":\"https:\/\/wiges.se\/handla\/herr\/strumpor\/friluftstrumpor\/strumpa-i-kraftig-ullfrotte-gramelange\/#breadcrumb\",\"itemListElement\":[{\"@type\":\"ListItem\",\"position\":1,\"name\":\"Hem\",\"item\":\"https:\/\/wiges.se\/handla\/\"},{\"@type\":\"ListItem\",\"position\":2,\"name\":\"Butik\",\"item\":\"https:\/\/wiges.se\/handla\/butik\/\"},{\"@type\":\"ListItem\",\"position\":3,\"name\":\"Dam\",\"item\":\"https:\/\/wiges.se\/handla\/dam\/\"},{\"@type\":\"ListItem\",\"position\":4,\"name\":\"Strumpor\",\"item\":\"https:\/\/wiges.se\/handla\/dam\/strumpor\/\"},{\"@type\":\"ListItem\",\"position\":5,\"name\":\"Friluftstrumpor\",\"item\":\"https:\/\/wiges.se\/handla\/dam\/strumpor\/friluftstrumpor\/\"},{\"@type\":\"ListItem\",\"position\":6,\"name\":\"Strumpa i kraftig ullfrott\u00e9 &#8211; Gr\u00e5melange\"}]},{\"@type\":\"WebSite\",\"@id\":\"https:\/\/wiges.se\/handla\/#website\",\"url\":\"https:\/\/wiges.se\/handla\/\",\"name\":\"Wiges\",\"description\":\"\",\"potentialAction\":[{\"@type\":\"SearchAction\",\"target\":{\"@type\":\"EntryPoint\",\"urlTemplate\":\"https:\/\/wiges.se\/handla\/?s={search_term_string}\"},\"query-input\":{\"@type\":\"PropertyValueSpecification\",\"valueRequired\":true,\"valueName\":\"search_term_string\"}}],\"inLanguage\":\"sv-SE\"}]}<\/script>\n<!-- \/ Yoast SEO plugin. -->","yoast_head_json":{"title":"Strumpa i kraftig ullfrott\u00e9 - Gr\u00e5melange - Wiges","robots":{"index":"index","follow":"follow","max-snippet":"max-snippet:-1","max-image-preview":"max-image-preview:large","max-video-preview":"max-video-preview:-1"},"canonical":"https:\/\/wiges.se\/handla\/herr\/strumpor\/friluftstrumpor\/strumpa-i-kraftig-ullfrotte-gramelange\/","og_locale":"sv_SE","og_type":"article","og_title":"Strumpa i kraftig ullfrott\u00e9 - Gr\u00e5melange - Wiges","og_description":"Strumpa av kraftig ullfrott\u00e9 kombinerad med fukttransporterande Coolmax\u00ae som h\u00e5ller f\u00f6tterna varma och torra. Res\u00e5rstickning i ankeln ger en stabil passform och den tunna t\u00e5s\u00f6mmen minskar risken f\u00f6r skav. En slitstark och funktionell ullstrumpa som passar perfekt f\u00f6r friluftsliv, vandring och kyliga dagar.","og_url":"https:\/\/wiges.se\/handla\/herr\/strumpor\/friluftstrumpor\/strumpa-i-kraftig-ullfrotte-gramelange\/","og_site_name":"Wiges","article_modified_time":"2026-04-21T11:51:52+00:00","og_image":[{"width":1969,"height":2560,"url":"https:\/\/wiges.se\/handla\/wp-content\/uploads\/2025\/10\/00000572700-scaled.jpg","type":"image\/jpeg"}],"twitter_card":"summary_large_image","schema":{"@context":"https:\/\/schema.org","@graph":[{"@type":"WebPage","@id":"https:\/\/wiges.se\/handla\/herr\/strumpor\/friluftstrumpor\/strumpa-i-kraftig-ullfrotte-gramelange\/","url":"https:\/\/wiges.se\/handla\/herr\/strumpor\/friluftstrumpor\/strumpa-i-kraftig-ullfrotte-gramelange\/","name":"Strumpa i kraftig ullfrott\u00e9 - Gr\u00e5melange - Wiges","isPartOf":{"@id":"https:\/\/wiges.se\/handla\/#website"},"primaryImageOfPage":{"@id":"https:\/\/wiges.se\/handla\/herr\/strumpor\/friluftstrumpor\/strumpa-i-kraftig-ullfrotte-gramelange\/#primaryimage"},"image":{"@id":"https:\/\/wiges.se\/handla\/herr\/strumpor\/friluftstrumpor\/strumpa-i-kraftig-ullfrotte-gramelange\/#primaryimage"},"thumbnailUrl":"https:\/\/wiges.se\/handla\/wp-content\/uploads\/2025\/10\/00000572700-scaled.jpg","datePublished":"2025-10-16T10:38:04+00:00","dateModified":"2026-04-21T11:51:52+00:00","breadcrumb":{"@id":"https:\/\/wiges.se\/handla\/herr\/strumpor\/friluftstrumpor\/strumpa-i-kraftig-ullfrotte-gramelange\/#breadcrumb"},"inLanguage":"sv-SE","potentialAction":[{"@type":"ReadAction","target":["https:\/\/wiges.se\/handla\/herr\/strumpor\/friluftstrumpor\/strumpa-i-kraftig-ullfrotte-gramelange\/"]}]},{"@type":"ImageObject","inLanguage":"sv-SE","@id":"https:\/\/wiges.se\/handla\/herr\/strumpor\/friluftstrumpor\/strumpa-i-kraftig-ullfrotte-gramelange\/#primaryimage","url":"https:\/\/wiges.se\/handla\/wp-content\/uploads\/2025\/10\/00000572700-scaled.jpg","contentUrl":"https:\/\/wiges.se\/handla\/wp-content\/uploads\/2025\/10\/00000572700-scaled.jpg","width":1969,"height":2560},{"@type":"BreadcrumbList","@id":"https:\/\/wiges.se\/handla\/herr\/strumpor\/friluftstrumpor\/strumpa-i-kraftig-ullfrotte-gramelange\/#breadcrumb","itemListElement":[{"@type":"ListItem","position":1,"name":"Hem","item":"https:\/\/wiges.se\/handla\/"},{"@type":"ListItem","position":2,"name":"Butik","item":"https:\/\/wiges.se\/handla\/butik\/"},{"@type":"ListItem","position":3,"name":"Dam","item":"https:\/\/wiges.se\/handla\/dam\/"},{"@type":"ListItem","position":4,"name":"Strumpor","item":"https:\/\/wiges.se\/handla\/dam\/strumpor\/"},{"@type":"ListItem","position":5,"name":"Friluftstrumpor","item":"https:\/\/wiges.se\/handla\/dam\/strumpor\/friluftstrumpor\/"},{"@type":"ListItem","position":6,"name":"Strumpa i kraftig ullfrott\u00e9 &#8211; Gr\u00e5melange"}]},{"@type":"WebSite","@id":"https:\/\/wiges.se\/handla\/#website","url":"https:\/\/wiges.se\/handla\/","name":"Wiges","description":"","potentialAction":[{"@type":"SearchAction","target":{"@type":"EntryPoint","urlTemplate":"https:\/\/wiges.se\/handla\/?s={search_term_string}"},"query-input":{"@type":"PropertyValueSpecification","valueRequired":true,"valueName":"search_term_string"}}],"inLanguage":"sv-SE"}]}},"_links":{"self":[{"href":"https:\/\/wiges.se\/handla\/wp-json\/wp\/v2\/product\/1956","targetHints":{"allow":["GET"]}}],"collection":[{"href":"https:\/\/wiges.se\/handla\/wp-json\/wp\/v2\/product"}],"about":[{"href":"https:\/\/wiges.se\/handla\/wp-json\/wp\/v2\/types\/product"}],"replies":[{"embeddable":true,"href":"https:\/\/wiges.se\/handla\/wp-json\/wp\/v2\/comments?post=1956"}],"wp:featuredmedia":[{"embeddable":true,"href":"https:\/\/wiges.se\/handla\/wp-json\/wp\/v2\/media\/1954"}],"wp:attachment":[{"href":"https:\/\/wiges.se\/handla\/wp-json\/wp\/v2\/media?parent=1956"}],"wp:term":[{"taxonomy":"product_brand","embeddable":true,"href":"https:\/\/wiges.se\/handla\/wp-json\/wp\/v2\/product_brand?post=1956"},{"taxonomy":"product_cat","embeddable":true,"href":"https:\/\/wiges.se\/handla\/wp-json\/wp\/v2\/product_cat?post=1956"},{"taxonomy":"product_tag","embeddable":true,"href":"https:\/\/wiges.se\/handla\/wp-json\/wp\/v2\/product_tag?post=1956"}],"curies":[{"name":"wp","href":"https:\/\/api.w.org\/{rel}","templated":true}]}}